pose 0 = -2*x - 4*r + 408, 5*x - 976 = 36*r - 35*r. What is the highest common factor of x and 140?
28
Suppose 0 = -4*j - d + 211, 2*d + 220 = 4*j + 6*d. Calculate the highest common factor of j and 91.
13
Suppose 3*z - 73 = 5. Let g = z - 14. Calculate the highest common divisor of 108 and g.
12
Let u = 44 + -37. Let g = 16 + u. Suppose q + 1261 = 5*b, -2*b + 4*q + 332 = -158. What is the greatest common divisor of b and g?
23
Let p be (3/(-3))/(-2 + 22/12). Suppose p = 17*d - 11. What is the highest common divisor of d and 7?
1
Suppose 50 - 46 = 2*l. Let i = l + 2. What is the highest common divisor of i and 20?
4
Let o be 3 + -2*(-7)/(-14) + 245. What is the highest common divisor of o and 171?
19
Suppose -33*t = -133 - 32. Calculate the greatest common divisor of 95 and t.
5
Suppose -403*f = -398*f - 180. Let k = -14 + 26. What is the highest common divisor of k and f?
12
Suppose -7*m + 759 = -3525. Calculate the highest common factor of m and 36.
36
Suppose -2*o + o + 13 = 0. Suppose 4*q - 9*q = -440. Let v = q + -36. Calculate the highest common factor of v and o.
13
Let i = -59 - -72. Let y be -1*(-6 - (2 - 3)). Suppose y*x - 2 - 183 = -5*s, 0 = -3*s - 2*x + 113. Calculate the greatest common divisor of s and i.
13
Suppose 3*u + 123 = 3*n - 0*u, -4*n - 5*u + 209 = 0. Calculate the greatest common divisor of n and 6.
2
Suppose -43*x + 60*x - 102 = 0. Let j be (-3)/6 + 122/4. What is the greatest common factor of x and j?
6
Let i = 14 + -7. Let a(t) = t**3 + 2*t**2 - t + 2. Let m be a(-3). Let s be 21*m/9*-3. What is the highest common divisor of s and i?
7
Suppose -9*d = -13*d + 176. Suppose 5*q + w - 43 = 9, -4*q + 59 = -5*w. What is the greatest common factor of d and q?
11
Let a(s) = -s - 1. Let n be a(-3). Suppose -3*c = -4*b - 12, 0*c + 9 = -n*c - 3*b. Suppose -4 = -g - c*g. Calculate the highest common divisor of 20 and g.
4
Let q(o) = 13*o**2 - 9*o + 4. Let l be q(2). Calculate the greatest common divisor of 133 and l.
19
Suppose 7*s = 3*s + 160. Calculate the greatest common divisor of 10 and s.
10
Suppose 0 = -p - 5*s - 17, -s + 3*s = -4*p + 4. Suppose -p*d + 10 + 14 = 0. Calculate the highest common divisor of 64 and d.
8
Let r be (2/(-4 + 3))/((-4)/2132). What is the highest common divisor of 82 and r?
82
Let m = 28 - 38. Let i = 10 + m. Suppose -190 = -2*n - i*n. Calculate the highest common factor of 19 and n.
19
Let b(t) = -t**3 + 10*t**2 - 5*t - 21. Let x be b(9). Suppose 480 = 10*a - 120. Calculate the highest common factor of x and a.
15
Suppose 281 = b - 47. Let z be (-2)/3 + b/24. What is the greatest common factor of z and 91?
13
Suppose 5*a - 15 = -x + 25, 5*x = 3*a + 4. Suppose -4*d + a*d = -3*i + 18, d - 9 = -2*i. Let y be (20/6 - i)*57. What is the highest common factor of y and 171?
19
Let p be (189/(-9))/(-3) - 1*-5336. What is the highest common divisor of 39 and p?
39
Suppose 0 = 4*o - 68 - 36. Calculate the highest common divisor of o and 2.
2
Suppose -10*l + 2555 = 815. Calculate the greatest common divisor of l and 29.
29
Suppose 60 = 2*b - b. Let c be 3*1*(1 + 2)*1. Suppose -12 = -10*a + c*a. What is the highest common divisor of a and b?
12
Suppose -74 + 438 = s + a, 5*s = -2*a + 1808. Calculate the highest common factor of s and 40.
40
Suppose 0 = -5*v - 4*p + 207, 2*p + 120 = 5*v - 69. Calculate the greatest common divisor of v and 195.
39
Let g = -143 + 442. What is the highest common factor of g and 23?
23
Let i(a) = 31*a + 9. Let s be i(1). What is the greatest common divisor of s and 8?
8
Let k be 292*(1/(-2))/(0 + -2). Let z be (7/(-4))/(2/56). Let g = k + z. Calculate the greatest common factor of 144 and g.
24
Let b(y) = -y**3 + y + 0*y**3 + 11*y**2 + 0*y**3 + 3 - 11*y. Let z be b(8). What is the greatest common divisor of 46 and z?
23
Suppose -3*f = -0*f - 84. Let p be 18*(-4)/((-48)/f). Calculate the greatest common divisor of 28 and p.
14
Suppose 2*g = -4*t + 1952, -99*t + 101*t = -5*g + 4912. Calculate the highest common factor of 48 and g.
24
Suppose -5*y = -2*f - 4726, -9 = -21*f + 24*f. Calculate the highest common divisor of 59 and y.
59
Let h = 56 + -51. Suppose 5*j - h*s = 109 + 21, 4*j + 2*s = 92. What is the greatest common divisor of j and 12?
12
Suppose 0*x - 9*x = -450. Calculate the greatest common factor of 550 and x.
50
Let z(r) = r**3 - 10*r**2 - 18*r - 27. Let n be z(12). Calculate the highest common factor of n and 225.
45
Let t be (-317)/7 + (-6)/(-21). Let m = t + 70. Calculate the greatest common factor of 50 and m.
25
Let d = 23 + -24. Suppose -3*v + 5 - 17 = 0. Let p = d - v. What is the greatest common divisor of p and 18?
3
Let v(t) = 11*t + 5*t + 9 + 0*t. Let k = 327 + -321. Let j be v(k). What is the greatest common factor of 15 and j?
15
Let n = -41 + 44. Let o be (n/(-2))/1*-30. What is the highest common factor of 18 and o?
9
Let n = -16776 + 16902. Let p = -2 - -3. Let x = p + 17. What is the highest common factor of n and x?
18
Suppose -5*y + 230 = 35. What is the greatest common divisor of y and 52?
13
Let l(d) = -d**3 - 6*d**2 - 2*d - 8. Let f be l(-6). Suppose 0 = -2*h - 2, 0*h + 4 = o + f*h. What is the highest common factor of 24 and o?
8
Let s(q) = -q**2 - q - 41. Let m be 0*((-15)/6)/(-5). Let w be s(m). Let p = w + 73. Calculate the highest common divisor of 80 and p.
16
Suppose 5*x + 28 = 2*o - 0*o, x = -o. Let t(h) = -15*h - 6. Let i be t(x). Calculate the highest common divisor of i and 135.
27
Let x be (7*-1)/((-22)/1320). Calculate the greatest common divisor of x and 70.
70
Suppose r + 9 = 5*d, -4*r + 6 = -2*r - 2*d. Suppose 0 = -4*y + 2*w - 0*w + 50, 4*w = -2*y + 50. Calculate the greatest common divisor of y and r.
3
Let f be 84/22 - 2/(-11). Suppose -4*s - 5*n = -200, f*s + n - 229 = -s. Let p be ((-18)/(-7))/(10/35). What is the highest common factor of p and s?
9
Let r(g) = -g**3 - 4*g**2 + 17*g + 9. Let x be r(-7). Suppose -n + x = 4*n + 4*u, n - u = 11. What is the greatest common factor of 153 and n?
9
Let o be (12 - 10)*(-42)/(-4). Suppose -t + o = 39. Let i be (-1)/(-3)*t/(-1). Calculate the highest common factor of i and 15.
3
Let s(y) = -y**2 - 6*y. Let l be s(-2). Calculate the highest common factor of l and 16.
8
Let p = -1557 - -1589. Calculate the greatest common factor of p and 416.
32
Let y(b) = -21*b**3 - 3*b**2 + 20*b + 23. Let x be y(-1). Calculate the highest common factor of x and 651.
21
Suppose 35 = -10*g + 5*g. Let n be (-10)/((g/(-6))/(-7)). What is the greatest common factor of n and 24?
12
Suppose -2*f - l = -416, -2*l - 208 = -2*f + f. Calculate the greatest common divisor of 16 and f.
16
Let c = -18 + 20. Suppose y + 5 = c. Let o = y + 7. Calculate the highest common factor of o and 12.
4
Suppose 3*s + 3*u + 8 = 62, 2*s - u - 21 = 0. Let i be -3 - (-58)/(-4)*-2. Suppose -m = m - i. What is the greatest common factor of s and m?
13
Let t be ((-2)/4)/((-2)/36). Calculate the highest common factor of t and 2.
1
Suppose 5*x = -2*s + 250, 4*x = 2*s + 102 + 98. Suppose -5*j = -25, -3*t - 2*j + 170 = t. Suppose m + 3*m = t. Calculate the greatest common divisor of x and m.
10
Let n = 745 - 690. Calculate the greatest common factor of n and 11.
11
Let r = 12 + 7. Let j(w) = w**3 - 47*w**2 + 50*w - 146. Let h be j(46). What is the greatest common factor of h and r?
19
Suppose -5 = 3*q - 56. Suppose -2*c + 7 = -q. Let l be ((-48)/(-5))/(-3)*(61 - 91). What is the highest common divisor of c and l?
12
Let s(c) = -20*c. Suppose 0*y - y = -2. Suppose f = b - 6*b - 8, 0 = 5*b - y*f - 1. Let k be s(b). What is the highest common divisor of 4 and k?
4
Let h be 68/(-10) - (1368/95)/(-18) - -12. Let n be (0 + 12)*(-1 - -5). Calculate the greatest common factor of h and n.
6
Suppose 0 = -z + 2*z - 1. Suppose q + 23 = 3*l, -q - 33 = -4*l - 2*q. Suppose b - 3 = l. What is the greatest common divisor of b and z?
1
Let k be -6 + 4 - (-1 - -1). Let c be k/(8/(-3) + 2). Suppose 0*j - c*j + 425 = 4*l, -5*l = -3*j - 565. Calculate the greatest common factor of l and 10.
10
Suppose 4 = 4*r - 8. Let w(d) = -d**3 - 4*d**2 - 3*d - 1. Let g be w(-4). Suppose 0 = -5*b + g - 6. What is the greatest common divisor of b and r?
1
Suppose 3*u = -m + 29, 45 = 7*m - 2*m - 5*u. Suppose 0 = s, 3*s = -3*g + 7*g - 32. Let n = m - g. What is the greatest co